148660?
True
Does 195 divide 156195?
True
Is 33945 a multiple of 31?
True
Is 114976 a multiple of 16?
True
Is 165 a factor of 27825270?
True
Is 45 a factor of 13422510?
True
Is 1029 a factor of 6524882?
False
Does 7 divide 16643572?
False
Is 119 a factor of 5634293?
True
Does 28 divide 28056?
True
Is 138 a factor of 409998?
True
Is 218 a factor of 5642712?
True
Is 802 a factor of 2199291?
False
Is 101 a factor of 4459756?
True
Is 271418 a multiple of 14?
True
Does 16 divide 75362?
False
Is 7790014 a multiple of 1319?
True
Does 93 divide 1584560?
False
Is 2557165 a multiple of 8?
False
Is 420 a factor of 300300?
True
Does 16 divide 2383079?
False
Is 281792 a multiple of 34?
True
Does 29 divide 7801?
True
Is 65 a factor of 472420?
True
Is 4299700 a multiple of 243?
False
Does 570 divide 3803?
False
Is 15 a factor of 3150?
True
Is 193 a factor of 152410?
False
Is 270643 a multiple of 241?
True
Is 995 a factor of 6035670?
True
Is 40186 a multiple of 4?
False
Does 212 divide 363525?
False
Does 133 divide 202160?
True
Does 258 divide 675080?
False
Does 35 divide 40716?
False
Is 8 a factor of 19006?
False
Is 38 a factor of 800979?
False
Does 39 divide 7527?
True
Does 8 divide 23615?
False
Is 14 a factor of 3886375?
False
Is 5 a factor of 995596?
False
Is 88 a factor of 927080?
True
Is 5 a factor of 176800?
True
Does 357 divide 7263879?
True
Is 131 a factor of 14635821?
False
Does 15 divide 16110?
True
Is 4 a factor of 69154?
False
Is 3109938 a multiple of 338?
True
Is 427682 a multiple of 21?
False
Is 182232 a multiple of 12?
True
Does 15 divide 956235?
True
Is 197 a factor of 55160?
True
Is 88 a factor of 113960?
True
Is 322785 a multiple of 27?
True
Is 16 a factor of 386632?
False
Does 53 divide 11408059?
False
Is 511530 a multiple of 7?
False
Is 119496 a multiple of 6?
True
Does 47 divide 6364346?
False
Is 72968 a multiple of 219?
False
Is 33 a factor of 1657060?
False
Is 736 a factor of 5075816?
False
Does 103 divide 7217828?
True
Is 9237486 a multiple of 283?
False
Is 2439090 a multiple of 31?
False
Does 9 divide 1771485?
False
Is 1449162 a multiple of 78?
True
Does 130 divide 190323?
False
Is 28 a factor of 633136?
True
Does 74 divide 5138?
False
Is 3094038 a multiple of 213?
True
Does 41 divide 404752?
True
Is 35 a factor of 14160675?
False
Does 227 divide 163894?
True
Does 33 divide 14007939?
True
Does 16 divide 73840?
True
Is 2 a factor of 9622?
True
Does 11 divide 919444?
False
Is 249369 a multiple of 101?
True
Is 106 a factor of 326470?
False
Is 5 a factor of 22540?
True
Is 849 a factor of 309885?
True
Is 47 a factor of 65257?
False
Does 240 divide 3451440?
True
Does 6 divide 98934?
True
Does 117 divide 2415582?
True
Is 10 a factor of 288650?
True
Does 82 divide 1835957?
False
Is 29775 a multiple of 4?
False
Is 22784 a multiple of 3?
False
Is 4 a factor of 129368?
True
Is 13 a factor of 63665?
False
Is 100228 a multiple of 10?
False
Does 181 divide 2199987?
False
Is 121 a factor of 199315?
False
Does 282 divide 3094814?
False
Is 366136 a multiple of 4?
True
Is 2455522 a multiple of 100?
False
Does 9 divide 41106?
False
Is 151 a factor of 895176?
False
Is 70 a factor of 2838462?
False
Is 181704 a multiple of 452?
True
Is 79 a factor of 16348288?
False
Is 61 a factor of 76250?
True
Is 107 a factor of 429228?
False
Does 19 divide 466203?
True
Is 2707106 a multiple of 94?
True
Does 12 divide 38976?
True
Is 4297 even?
False
Is 95 a factor of 496185?
True
Is 621 a factor of 1368150?
False
Is 3 a factor of 5409?
True
Is 3 a factor of 10991?
False
Is 66 a factor of 42254?
False
Is 5412815 a multiple of 5?
True
Does 180 divide 305280?
True
Is 319397 a multiple of 234?
False
Is 11133946 a multiple of 17?
True
Is 70 a factor of 4162579?
False
Does 12 divide 24061415?
False
Is 272371 a multiple of 684?
False
Is 24 a factor of 57941?
False
Is 54 a factor of 763258?
False
Does 1057 divide 1200871?
False
Is 276986 a multiple of 432?
False
Is 78674 a multiple of 17?
False
Does 73 divide 2333057?
False
Does 73 divide 253018?
True
Does 146 divide 138315?
False
Is 124 a factor of 1121952?
True
Does 4 divide 70996?
True
Does 296 divide 1972153?
False
Is 560636 a multiple of 25?
False
Does 121 divide 1582995?
False
Does 13 divide 5369985?
False
Is 309 a factor of 3218713?
False
Is 75 a factor of 2976150?
True
Does 7 divide 39113?
False
Is 111 a factor of 645909?
True
Is 1147093 a multiple of 2?
False
Is 63 a factor of 3313280?
False
Does 33 divide 1208698?
False
Does 35 divide 1563415?
True
Is 36 a factor of 4212?
True
Is 355721 a multiple of 13?
False
Is 141040 a multiple of 4?
True
Does 309 divide 781885?
False
Is 1452 a factor of 1881017?
False
Does 14 divide 11744?
False
Is 42138 a multiple of 9?
True
Is 2427949 a multiple of 6?
False
Does 680 divide 11173760?
True
Is 270 a factor of 112320?
True
Is 1175819 a multiple of 1097?
False
Does 449 divide 4364729?
True
Is 51994 a multiple of 6?
False
Does 16 divide 151936?
True
Is 352016 a multiple of 28?
True
Does 8 divide 138575?
False
Does 50 divide 31050?
True
Does 11 divide 893086?
False
Does 3 divide 152190?
True
Does 12 divide 2588340?
True
Does 34 divide 3522944?
True
Is 15 a factor of 31596945?
True
Is 1271468 a multiple of 11?
True
Is 2894824 a multiple of 188?
True
Is 5 a factor of 7680?
True
Does 8 divide 1961560?
True
Does 30 divide 5802317?
False
Does 7 divide 4247558?
True
Is 9 a factor of 31851?
True
Is 8755 a multiple of 5?
True
Is 118548 a multiple of 111?
True
Does 129 divide 34959?
True
Does 18 divide 1054044?
True
Is 6522336 a multiple of 432?
True
Is 18 a factor of 3198528?
True
Is 1387540 a multiple of 170?
True
Does 75 divide 1174425?
True
Is 3772 a multiple of 4?
True
Does 132 divide 301507?
False
Does 123 divide 14378738?
False
Does 496 divide 85312?
True
Does 12 divide 303156?
True
Is 5 a factor of 236313?
False
Is 16956541 a multiple of 2871?
False
Is 16 a factor of 4745315?
False
Is 18 a factor of 122197?
False
Is 17 a factor of 516397?
False
Does 39 divide 53949?
False
Is 16 a factor of 5299694?
False
Is 322 a factor of 9419302?
False
Is 74 a factor of 4850108?
True
Is 169686 a multiple of 9?
True
Is 2949059 a multiple of 171?
False
Is 554 a factor of 559540?
True
Does 569 divide 2853398?
False
Is 56 a factor of 240898?
False
Is 270432 a multiple of 12?
True
Is 12 a factor of 434280?
True
Does 51 divide 1355478?
True
Is 3499650 a multiple of 165?
True
Is 33789 a multiple of 222?
False
Is 183899 a multiple of 125?
False
Is 47139 a multiple of 5?
False
Does 17 divide 2129337?
False
Is 2386332 a multiple of 52?
True
Is 516162 a multiple of 121?
False
Does 52 divide 216632?
True
Does 600 divide 2804400?
True
Does 14 divide 1143996?
True
Is 676200 a multiple of 28?
True
Does 1460 divide 7618406?
False
Does 435 divide 394110?
True
Does 289 divide 643892?
True
Is 6 a factor of 13542?
True
Does 56 divide 6279?
False
Does 8 divide 683392?
True
Is 7 a factor of 1254613?
False
Is 13472449 a multiple of 23?
False
Is 2219 a factor of 7293541?
False
Does 8 divide 94136?
True
Is 1921820 a multiple of 1252?
True
Is 339033 a multiple of 3?
True
Is 6 a factor of 127074?
True
Is 16359 a multiple of 47?
False
Is 27706249 a multiple of 83?
False
Does 23 divide 2254873?
False
Does 151 divide 6207912?
True
Is 1101 a factor of 4686975?
False
Is 68 a factor of 2876641?
False
Is 77 a factor of 3498649?
True
Is 19 a factor of 108034?
True
Is 11865 a multiple of 105?
True
Is 27 a factor of 1304100?
True
Is 11559603 a multiple of 257?
True
Does 21 divide 169453?
False
Is 76524 a multiple of 15?
False
Is 62 a factor of 9158206?
True
Is 278096 even?
True
Is 4 a factor of 1621952?
True
Is 725756 a multiple of 12?
False
Does 6 divide 50858?
False
Does 7 divide 703603?
False
Is 66614 a multiple of 38?
True
Is 13404408 a multiple of 50?
False
Does 4 divide 18988?
True
Is 1913072 a multiple of 203?
True
Does 5 divide 262980?
True
Does 19 divide 4349537?
True
Does 31 divide 20540?
False
Does 16 divide 14303008?
True
Is 204 a factor of 845906?
False
Is 649345 a multiple of 88?
False
Is 75 a factor of 6848100?
True
Does 25 divide 407360?
False
Is 6 a factor of 676992?
True
Is 209720 a multiple of 70?
True
Does 20 divide 143880?
True
Does 3 divide 1516801?
False
Is 49859 a multiple of 73?
True
Is 38 a factor of 252334